ctor of 1654624972?
True
Is 52016198 a multiple of 13?
True
Is 1428002865 a multiple of 405?
True
Is 6 a factor of 11147352?
True
Does 9373 divide 3624070270?
False
Does 81 divide 86157270?
True
Is 2818 a factor of 6799651?
False
Does 1711 divide 885871961?
True
Does 8 divide 131134115?
False
Is 12274696 a multiple of 98?
True
Is 1410 a factor of 388024307?
False
Does 294 divide 202230252?
True
Is 34534110 a multiple of 390?
True
Does 20 divide 64985852?
False
Is 5 a factor of 471961331?
False
Is 9383864 a multiple of 56?
True
Does 1086 divide 122287944?
True
Does 5 divide 72553117?
False
Does 429 divide 2944697738?
False
Is 78838223 a multiple of 22?
False
Does 5231 divide 1257427780?
True
Does 388 divide 412754400?
True
Does 761 divide 2341318156?
False
Is 3300 a factor of 391089600?
True
Does 3 divide 130980716?
False
Is 76 a factor of 302001732?
True
Is 66948984 a multiple of 36?
True
Does 89 divide 152662145?
True
Is 1314 a factor of 1163922246?
False
Is 1000042414 a multiple of 14?
True
Does 78 divide 318066528?
True
Is 85890300 a multiple of 150?
True
Is 720 a factor of 42442560?
True
Does 60 divide 702705300?
True
Is 87 a factor of 197675?
False
Is 2375986072 a multiple of 11848?
True
Is 1414128496 a multiple of 51?
False
Does 6138 divide 46286658?
True
Is 94329873 a multiple of 15?
False
Is 41 a factor of 76946105?
False
Does 17 divide 38900114?
True
Is 154262943 a multiple of 6?
False
Is 52 a factor of 1048777885?
False
Is 36 a factor of 310437684?
True
Does 336 divide 1661949408?
True
Is 1480917152 a multiple of 209?
True
Does 134 divide 6804802?
False
Does 340 divide 2825687300?
True
Is 42669126 a multiple of 306?
False
Is 3496 a factor of 2727166672?
True
Does 38 divide 53138592?
True
Is 44 a factor of 6326408?
True
Is 66 a factor of 1187949885?
False
Does 3145 divide 70042295?
True
Does 397 divide 245487?
False
Is 6187044 a multiple of 2?
True
Does 158 divide 15198208?
False
Does 6 divide 2215722?
True
Is 15412797 a multiple of 9?
True
Is 1378565456 a multiple of 17?
False
Is 9696980 a multiple of 10?
True
Does 1810 divide 2466062397?
False
Is 16810656 a multiple of 32?
True
Is 78 a factor of 989718997?
False
Is 2401526880 a multiple of 36?
True
Is 42 a factor of 233715006?
True
Is 35 a factor of 1456060450?
False
Is 1234667107 a multiple of 72?
False
Is 22846004 a multiple of 4?
True
Does 14 divide 1617181?
False
Does 18 divide 2639178?
True
Is 94969098 a multiple of 18?
True
Is 16408710 a multiple of 32?
False
Is 86 a factor of 6112099897?
False
Does 1829 divide 5464240?
False
Does 5653 divide 4223571114?
True
Is 27584743 a multiple of 2?
False
Is 237 a factor of 795711858?
True
Is 5589091628 a multiple of 17?
False
Is 10921264 a multiple of 8?
True
Does 3024 divide 64244880?
True
Is 11 a factor of 21515728?
False
Does 25 divide 189974455?
False
Is 51 a factor of 431319291?
True
Does 35 divide 566046775?
True
Does 2830 divide 1728167800?
True
Does 7129 divide 94859664?
False
Is 99 a factor of 1892422764?
False
Is 43 a factor of 6749750?
False
Does 7 divide 591891?
False
Is 870613714 a multiple of 709?
True
Does 235 divide 38007960?
True
Is 20 a factor of 357276056?
False
Is 643 a factor of 73637646?
True
Is 91573746 a multiple of 246?
True
Does 18 divide 4947867?
False
Is 35 a factor of 38821799?
False
Is 8 a factor of 6053608?
True
Does 106 divide 682524142?
True
Is 83900852 a multiple of 977?
True
Is 1550976587 a multiple of 102?
False
Does 20 divide 27065680?
True
Does 16 divide 276686535?
False
Is 326 a factor of 42910367?
False
Is 195570378 a multiple of 469?
False
Is 135437535 a multiple of 119?
False
Does 12 divide 4188048?
True
Is 421 a factor of 21972325?
False
Is 1631705531 a multiple of 61?
True
Is 13 a factor of 1162251?
False
Is 75680198 a multiple of 25?
False
Does 82 divide 4197392958?
True
Is 50035237 a multiple of 203?
True
Is 463246837 a multiple of 2929?
False
Does 1512 divide 2464807?
False
Does 3273 divide 178195212?
True
Is 7822884 a multiple of 19?
False
Is 13 a factor of 1097866029?
True
Is 194105617 a multiple of 1739?
False
Is 8009 a factor of 71933883?
False
Does 89 divide 301493838?
False
Is 861731103 a multiple of 4642?
False
Does 147 divide 11517627?
False
Does 1928 divide 3886805584?
True
Is 159007448 a multiple of 487?
True
Is 361 a factor of 1000335332?
True
Does 361 divide 4602750?
True
Does 13 divide 22067316?
False
Is 17 a factor of 12746086?
False
Is 23739546 a multiple of 13?
False
Does 11 divide 2540079608?
True
Does 1044 divide 1667113882?
False
Is 335 a factor of 12171555?
True
Is 90937140 a multiple of 847?
False
Does 431 divide 80735146?
False
Is 2546 a factor of 51476680?
False
Is 8 a factor of 109795988?
False
Is 169 a factor of 1226061234?
False
Is 2223653396 a multiple of 406?
False
Does 12 divide 47613408?
True
Is 402319968 a multiple of 24?
True
Does 7460 divide 1355355180?
True
Is 6433292596 a multiple of 10749?
False
Does 6 divide 110132315?
False
Is 155 a factor of 274628991?
False
Is 1548865035 a multiple of 9?
True
Is 265 a factor of 79812965?
True
Is 487622820 a multiple of 10?
True
Is 4174 a factor of 411190915?
False
Is 226 a factor of 26941260?
False
Is 1460925 a multiple of 215?
True
Is 289110252 a multiple of 12?
True
Does 731 divide 962033281?
True
Is 47 a factor of 99761212?
False
Is 30 a factor of 1635871650?
True
Is 37 a factor of 109187296?
True
Is 2171 a factor of 2103855479?
False
Is 7 a factor of 54961313?
False
Does 8 divide 308087334?
False
Is 45 a factor of 21442950?
True
Does 482 divide 223918884?
True
Is 1553656728 a multiple of 6?
True
Is 31 a factor of 7989568?
True
Is 107741036 a multiple of 26?
True
Is 43 a factor of 6198407?
True
Is 36 a factor of 828480394?
False
Is 35 a factor of 80432905?
True
Does 186 divide 363565644?
True
Is 14 a factor of 21298200?
True
Is 59 a factor of 191570956?
False
Is 128166900 a multiple of 163?
True
Does 21 divide 11003725?
False
Is 1094560276 a multiple of 77?
False
Does 7 divide 1262225?
False
Is 358 a factor of 4100386?
False
Does 15 divide 119452297?
False
Is 659161332 a multiple of 794?
True
Is 135024 a multiple of 87?
True
Is 462672 a multiple of 1904?
True
Is 109027690 a multiple of 466?
True
Does 1861 divide 8042376?
False
Is 23 a factor of 1571865678?
True
Is 620700894 a multiple of 282?
True
Does 178 divide 853210782?
True
Is 872 a factor of 4247634?
False
Does 16 divide 316829119?
False
Is 11 a factor of 77996039?
True
Does 307 divide 1751299518?
False
Is 354 a factor of 381039228?
True
Is 757 a factor of 1097102737?
False
Is 109950510 a multiple of 15?
True
Does 541 divide 346175724?
False
Is 45 a factor of 50277015?
True
Is 1024396362 a multiple of 5282?
True
Does 49 divide 1237939871?
True
Does 1554 divide 881125509?
False
Is 100033265 a multiple of 175?
False
Is 324946024 a multiple of 92?
True
Is 22592884 a multiple of 1863?
False
Does 272 divide 39371728?
True
Does 10626 divide 6505396590?
True
Is 67582920 a multiple of 632?
True
Is 3879982128 a multiple of 4465?
False
Is 1931 a factor of 5200183?
True
Is 22 a factor of 14912061?
False
Is 1225087659 a multiple of 27?
True
Does 88 divide 188150688?
True
Is 67 a factor of 411898672?
False
Does 134 divide 15327724?
True
Does 32 divide 2003584?
True
Is 2785 a factor of 39753090?
True
Is 149 a factor of 27643315?
False
Is 3548 a factor of 415616268?
True
Does 4 divide 603787736?
True
Is 3148 a factor of 23575372?
True
Is 2412440511 a multiple of 321?
True
Does 5 divide 438677595?
True
Does 677 divide 96028388?
True
Is 456 a factor of 29924088?
True
Is 27879475 a multiple of 9?
False
Is 21 a factor of 871135059?
False
Does 21 divide 22845396?
True
Is 3559030 a multiple of 8?
False
Is 1302 a factor of 597605938?
False
Is 2 a factor of 97615826?
True
Is 51 a factor of 1034440789?
False
Is 63066327 a multiple of 2931?
True
Is 559110412 a multiple of 7?
True
Is 11 a factor of 188112653?
False
Is 76427764 a multiple of 14?
True
Is 27968223 a multiple of 3400?
False
Is 40694527 a multiple of 308?
False
Is 846692341 a multiple of 1331?
False
Is 28 a factor of 2236780?
True
Does 3274 divide 75920786?
True
Does 353 divide 475861650?
True
Does 11 divide 75997130?
True
Does 3085 divide 129546632?
False
Does 952 divide 1837226681?
False
Is 1648 a factor of 89506176?